d) = -d**3 + 10*d**2 + 1. Let t be n(10). Let x(i) = -4*i**3 + 1. What is x(t)?
-3
Let n(v) = -v**2 + 2. Let k be 0/(-1)*(1 - 0). Let x(g) = 0*g + 0*g + g**2 + k*g**2 - 2. Let b be x(0). Calculate n(b).
-2
Let j(o) = 0*o**3 - 4*o**3 + 2 + 3*o**2 + 3*o**3. Let n be j(3). Suppose 5*s = -4*i + 9, n*i - 6*i = -3*s - 1. Let u(w) = 3*w**3 + w**2. What is u(s)?
4
Let v(q) = q**2 + 5*q. Let m(y) = y**2 - 3*y - 7. Let g be m(4). Determine v(g).
-6
Let v(k) = 14*k**3 + 32*k**2 + 29*k - 18. Let p(z) = 5*z**3 + 11*z**2 + 10*z - 6. Let x(r) = 17*p(r) - 6*v(r). Determine x(5).
-14
Suppose 4*c + 0*l + 3*l = -3, 0 = 3*l - 9. Let p(y) = y**3 + 2*y**2 + 2*y + 2. Calculate p(c).
-13
Suppose z + b = -9, 2*z + b + 2*b + 19 = 0. Let r(u) = u + 5. Calculate r(z).
-3
Let g = 3 + -6. Let p = 3 + g. Let y(f) = 6 + 0*f - 7*f + 6*f. Calculate y(p).
6
Let n(t) = -4*t**2 - 4. Let w(r) = -5*r**2 - 5. Let y(i) = 4*n(i) - 3*w(i). Determine y(3).
-10
Let k = -5/9 - -8/9. Let v(r) be the third derivative of -k*r**3 + 0 - 1/20*r**5 - 1/8*r**4 - 1/120*r**6 + 3*r**2 + 0*r. Give v(-3).
7
Let g(n) = n**2 + 5*n - 4. Let t be g(-5). Let z be 26/7 - t/14. Let a(p) = -8*p**2 + 4 - 3*p**2 + 2*p + 10*p**2. Calculate a(z).
-4
Let y be (0 + -6)*(-10)/(-15). Let u(s) = 5 + 0*s**2 - s**2 - s + 0. Give u(y).
-7
Let q be 36/(-54) + (-22)/(-6). Let l(x) = 3*x**3 + x**2 + 5*x - 3. Let m(p) = 8*p**3 + 3*p**2 + 15*p - 9. Let o(k) = 11*l(k) - 4*m(k). Give o(q).
6
Let u = -8 + 5. Let r(i) = 5*i**2 + 8*i + 17. Let y(q) = 2*q**2 + 3*q + 6. Let c(o) = -3*r(o) + 8*y(o). Calculate c(u).
6
Suppose 3*z + 2*t = 15, -3*z - t - 4*t + 24 = 0. Let p(s) = -s**2 + s. Give p(z).
-6
Let b(s) = s**3 - 12*s**2 - 1. Let q be b(12). Let j(k) = 3*k**3 - k**2 - 2*k - 1. Determine j(q).
-3
Let a(b) = b + 9. Let h be a(-7). Let w(p) = p**2 + 5 - 2*p**2 + 6*p - h*p**2 + 4*p**2. Give w(-6).
5
Let u be (-4)/(-10) - (-944)/40. Suppose -3*r - u = r. Let t be (-3)/r*(0 - 0). Let d(h) = h**2 + h + 7. What is d(t)?
7
Let i(a) = -a**2 + 3*a + 4. Suppose -3*f + 189 = -0*f. Let v be (-14)/f - (-76)/18. Suppose 8*q = v*q + 12. Determine i(q).
4
Let j(n) be the first derivative of -1 + 0*n - 1/6*n**3 - 1/2*n**2 - 1/24*n**4. Let z(c) be the second derivative of j(c). What is z(3)?
-4
Let k(c) = -c**3 - c**2 + 4*c. Let f be (0 + -3)*(-30)/(-18). Let q = f - -9. Suppose 0*y = -3*p + 5*y - 14, 0 = -3*p + q*y - 13. Determine k(p).
6
Suppose -2*l = -3*l - 5, -4*x + 2*l = -30. Let v(g) = -4*g**3 + 1. Let h be v(-1). Let z(j) = h*j - 7*j + 7 - 4*j + j**2. What is z(x)?
2
Let n(f) = f**2 + 6*f + 1. Let y(b) = 6*b**3 - 2*b - 1. Let x be y(-1). Calculate n(x).
-4
Let u(w) = 10*w**2 - 1. Suppose -3*l = 2*l + 5. Let k(p) = -p**2 - p - 1. Let b be k(l). Calculate u(b).
9
Let p(v) = -v**2 - 6*v. Let j(f) = -f**3 + 6*f**2 - 11*f + 5. Let u be j(4). Determine p(u).
-7
Let t(d) be the second derivative of 2*d + 1/2*d**2 + 0 + 1/12*d**4 + 5/6*d**3. Suppose 3*z = -3*o - 0*o - 15, 3*z + 11 = -o. Give t(z).
-5
Let q(y) = -y**2 - y - 4. Let r(z) = z**2 + 3. Let g(h) = -4*q(h) - 6*r(h). Calculate g(2).
-2
Let y(h) be the third derivative of h**7/5040 - h**6/360 + h**5/15 - 3*h**2. Let j(s) be the third derivative of y(s). Determine j(-5).
-7
Let s(j) = 5*j**3 - 5*j**2 - 5*j - 8. Let b(x) = -6*x**3 + 5*x**2 + 5*x + 9. Let q(f) = -6*b(f) - 7*s(f). Calculate q(-4).
-2
Let j(x) be the second derivative of -x**7/2520 - x**6/720 + x**4/4 + 2*x. Let s(u) be the third derivative of j(u). Suppose -5*i + i - 12 = 0. Give s(i).
-6
Suppose -i + 14 = -3*d, -5*i + 4*i - 7 = 4*d. Let u be 4 - d/(3/(-5)). Let y(n) = n**2 - 2 + 1 - 2*n + 3*n**3 - 3*n**2. Determine y(u).
-4
Let v(c) = -9*c - 1. Let r(y) = 5*y - 4. Let q(s) = s - 1. Let o(x) = -4*q(x) + r(x). Let u be o(1). Calculate v(u).
-10
Let b(q) = -q**2 + 4*q + 4. Suppose -2*n + 2*i - 10 = 0, i = n - 4*i + 9. Let f = n + 8. Give b(f).
4
Let r(l) = 7*l + 1. Let f = -16 + 15. Calculate r(f).
-6
Let d(v) = -v**2 - 6*v - 6. Let y(i) = i - 2. Let f be y(-2). Let z be d(f). Let x(g) = 6*g**3 - 4*g**2 - 5*g**3 + 0*g**z. What is x(4)?
0
Let s(z) = z - 6. Suppose 5*h + 0*i - 4 = 4*i, 2*i = -2. Suppose -3*b - 4*l = -6, h = -3*l + 4 - 13. Calculate s(b).
0
Suppose 3*q + 6 = 4*r, 3 = 2*r - 2*q + 1. Let d(l) = l**2 + l + 4. What is d(r)?
16
Let n(z) = z**2 + z + 2. Suppose 6 = 3*j - 2*j. Let y = 11 + -19. Let q = j + y. Calculate n(q).
4
Suppose -5*r - 35 - 40 = -5*t, 4*r = -t - 10. Let h be ((-8)/t)/((-6)/15). Let y(c) = 0 - c**h + 2*c**2 + 1 - 2*c**2. What is y(1)?
0
Let f be 11/22 + (-1)/2. Let k(c) = 2*c + 2*c + f - 3*c - 1. What is k(0)?
-1
Let q(s) = -s + 6. Let r(n) = -n**3 + 4*n**2. Let h be r(4). Let a be (0/5)/(h - 1). Determine q(a).
6
Let f(v) be the first derivative of 2*v**3/3 - 3*v**2 - 23. What is f(5)?
20
Let i(r) = 4*r + 3. Let w(a) = -a**3 - 18*a**2 - 18*a - 22. Let b be w(-17). Calculate i(b).
-17
Let z be 2/(0 + (-2)/5). Suppose 2*p - 8 - 10 = 0. Let m = z + p. Let a(c) = 2*c - 5. Calculate a(m).
3
Let j be 120/9*(-12)/10. Let z be (j/(-40))/((-2)/10). Let f be (3 - 6 - z)*2. Let t(o) = o + 1. Determine t(f).
-1
Let z(w) = -w**2 + 6*w + 7. Let y be z(6). Let b(l) = l**2 - y*l - 3 - 2*l**2 + 2*l. Calculate b(-4).
1
Suppose 0 = 4*z - 1 - 15. Suppose 0*u + 20 = -z*u. Let a(y) = -2*y - 9. Let c(i) = 3*i + 13. Let d(f) = -8*a(f) - 5*c(f). Give d(u).
2
Let l(v) be the first derivative of -v**4/12 + 5*v**3/6 + 3*v - 1. Let w(i) be the first derivative of l(i). Calculate w(4).
4
Let w(s) = s**3 + 4*s**2 - 3*s - 10. Let y be w(-4). Suppose q + v - 10 = -3*q, 2*q - 10 = -3*v. Let c(h) = -h**3 - 2*h**q + 0*h**2 + 1 + 3*h**2. What is c(y)?
-3
Let h(y) = -y**2 + 1 + 1 + 8*y - 10*y. Let v be h(-3). Let w(u) be the first derivative of -u**2/2 - 1. What is w(v)?
1
Let r be 4/(-6) - (-24)/9. Let l(z) = -3*z + z**3 + 2 + 2*z**2 - 2*z**2 + z**r. Let j = -4 + 1. Calculate l(j).
-7
Suppose 2*u - 3*c = 6*u + 11, 0 = -5*u - 5*c - 20. Let n(w) be the third derivative of -w**6/120 - w**3/6 + 2*w**2. Determine n(u).
-2
Suppose y - 3 = -7. Let u(p) = 2*p**2 + 5*p - 1. Determine u(y).
11
Suppose 0 = 2*w + 1 + 5. Let v(j) = 2*j + 3. Let t be v(w). Let z(y) = 3*y + 1 + 5*y**2 - 2*y**2 + 1 + y**3. What is z(t)?
-7
Let x(t) = -t**3 - t**2 + t + 3. Let p be x(0). Let r(v) = 2 - 2*v**3 + 0*v + 3 - p - 2*v**2 + v. Calculate r(-2).
8
Let c(j) = -2*j**2 - 3*j**2 + 6 + j**3 + 0*j**3 - 2*j. Let d(y) = y + 5. Let p be d(0). Give c(p).
-4
Let u(f) = 2 + 2*f - f - 14*f**3 + 3*f**2 + 15*f**3. Calculate u(-3).
-1
Let z be ((-12)/(-10))/(16/20). Let m(h) be the first derivative of z*h**2 + 1 + h. Calculate m(-1).
-2
Let x(w) = 3*w**2 - w + 1. Let j(u) = u**3 + 3*u**2 - 4*u - 1. Let c be j(-4). Let d = c - -5. Let l = d - 3. Determine x(l).
3
Let j(m) be the third derivative of -1/6*m**3 + 0*m + 1/3*m**4 + 0 + 2*m**2. Determine j(-1).
-9
Let s = 2 - 1. Let l(n) = -2*n - 4 - s + 5*n + n**2. Let p(h) = -h - 10. Let t be p(-6). Give l(t).
-1
Let m = 7 - 6. Let y be m - (-1)/(-2)*0. Let a = 6 - y. Let p(w) = -2*w + 4. Determine p(a).
-6
Let m = 70 - 106. Let c be (-1)/((-3)/m*4). Let a(h) = -2*h**2 - 2*h. Give a(c).
-12
Let i(m) = m + 1. Let y(q) = 4*q**3 - q**2. Let o(z) = -z**3 + 10*z**2 - 9*z - 1. Let a be o(9). Let r be y(a). Let b be (1 - r)*(-12)/(-18). Give i(b).
5
Let o(x) = -10*x**2 + 1. Let d be 6/(-8) + (-5)/20. Determine o(d).
-9
Let y(o) = -o**2 - 4*o - 2. Let l be y(-4). Let p be 1*l - (-7 - -10). Let n(k) = -k + 3. What is n(p)?
8
Let r(a) = -a**2 - 7*a - 4. Let i be r(-6). Let k(t) = 1 - 6*t + 3*t + i*t - 2. Give k(5).
-6
Let c(q) be the third derivative of q**9/60480 + q**8/5040 - q**7/1260 + q**6/240 + q**5/30 - 3*q**2. Let z(t) be the third derivative of c(t). Calculate z(-5).
-2
Let x(a) = a**3 - 4*a**2 - 5*a - 3. Let r(c) = c**2 + 6*c + 5. Let v be r(-5). Let z = 5 + v. What is x(z)?
-3
Let x(k) = -4*k + 1. Let p be (-2)/(-8) - 126/56. What is x(p)?
9
Let h(w) = w**2 - 4*w + 2 - 3*w + 3. Let f(s) = -s**2 - s + 4. Let l be f(4). Let g = l - -22. Give h(g).
-1
Let z(u) be the second derivative of -u**5/20 + u**4/3 - 5*u**3/6 + 3*u**2/2 + u. Let s be (0 + 1)/((-17)/(-51)). Calculate z(s).
-3
Let b = -6 + 7. Let v(r) = r**3 - r**2 - r + 1. Calculate v(b).
0
Let s(w) = -7*w + 5. Let p(x) = -2*x + 58. Let o be p(26). Let k(j) = 7*j - 9 + 5*j +